{"id":1351,"date":"2018-09-19T14:38:14","date_gmt":"2018-09-19T14:38:14","guid":{"rendered":"http:\/\/www.50demb.unimore.it\/?page_id=1351"},"modified":"2019-10-16T15:14:39","modified_gmt":"2019-10-16T15:14:39","slug":"la-nostra-storia","status":"publish","type":"page","link":"https:\/\/www.dembarchives.unimore.it\/index.php\/la-nostra-storia\/","title":{"rendered":"La nostra storia"},"content":{"rendered":"<p>Sono trascorsi <b>50 anni<\/b> dalla nascita della <b>Facolt\u00e0 di Economia<\/b>, inizialmente collocata nella sede di viale Berengario.<span class=\"Apple-converted-space\">\u00a0<\/span><\/p>\n<p>Il Comitato Tecnico che la istitu\u00ec si era infatti riunito la prima volta il <b>23 settembre 1968<\/b> ed era composto da personalit\u00e0 di grande prestigio del mondo accademico: economisti, giuristi, esperti di governo d&#8217;impresa, statistici. <span class=\"Apple-converted-space\">\u00a0<\/span><\/p>\n<p>Dalla sua istituzione fino al 1993, la Facolt\u00e0 si identifica con il suo <b>unico Corso di laurea in Economia e Commercio<\/b>, articolato in diversi indirizzi di durata quadriennale.<\/p>\n<p>Nel 1974 la Facolt\u00e0 si trasferisce al Direzionale 70, in via Giardini.<span class=\"Apple-converted-space\">\u00a0<\/span><\/p>\n<p>Dopo vent\u2019anni, <b>nel 1994, la Facolt\u00e0 trova sede definitiva nello storico edificio del Foro Boario<\/b>, restaurato dall\u2019architetta Franca Stagi. Con la nuova denominazione di Facolt\u00e0 di Economia vengono <b>attivati altri due corsi di Laurea quadriennale<\/b> &#8211; <b>Economia Aziendale ed Economia Politica <\/b>&#8211; e <b>due diplomi universitari di durata triennale <\/b>&#8211; <b>Economia e Amministrazione delle Imprese e Commercio Estero<\/b> &#8211; rispondendo alle esigenze formative del territorio.<\/p>\n<p>Da allora, l\u2019offerta formativa si \u00e8 ulteriormente ampliata con l\u2019attivazione di <b>tre Corsi di Laurea Triennali<\/b>, <b>cinque Corsi di Laurea Magistrale<\/b>, <b>Master<\/b>, <b>Corsi di Perfezionamento<\/b> e un <b>Dottorato di ricerca<\/b>.<\/p>\n<p><b>L\u20198 ottobre 2003<\/b>, il Consiglio di Facolt\u00e0 e il Senato Accademico dell\u2019Ateneo deliberano l<b>\u2019intitolazione della Facolt\u00e0 a Marco Biagi<\/b>,<b> <\/b>in memoria del suo docente vittima del terrorismo. Su iniziativa della famiglia, dell\u2019Universit\u00e0 e della Facolt\u00e0 viene istituita la Fondazione Marco Biagi con l\u2019obiettivo di proseguire e consolidare l\u2019attivit\u00e0 di studi e ricerche sui temi del lavoro.<\/p>\n<p>Nel <b>2012<\/b>, il processo di riorganizzazione dell&#8217;Ateneo porta all&#8217;integrazione della gestione dell&#8217;attivit\u00e0 didattica della Facolt\u00e0 con quella di ricerca dei Dipartimenti (Dipartimento di Economia aziendale e Dipartimento di Economia politica): nasce cos\u00ec il<b> Dipartimento di Economia Marco Biagi<\/b>.<\/p>\n<p>Dalla sua istituzione, l\u2019attivit\u00e0 del Dipartimento si caratterizza per la variet\u00e0 delle aree di ricerca e l\u2019impegno dei ricercatori nel tradurre i risultati degli studi in indicazioni e strumenti per le politiche in ambito economico-gestionale.<\/p>\n<p>A questa attivit\u00e0 di ricerca si accompagna la qualit\u00e0 e intensit\u00e0 dei <b>rapporti che il Dipartimento ha saputo costruire con le istituzioni, le associazioni e con la cittadinanza<\/b>. Si tratta di esperienze di carattere formativo, culturale e di supporto alle decisioni economiche che hanno contribuito ad innalzare le conoscenze e le competenze professionali e gestionali del nostro territorio.\u00f9<\/p>\n<p style=\"text-align: center;\">MATERIALI CONSULTABILI<\/p>\n<hr \/>\n<h4>Il <a href=\"http:\/\/www.dembarchives.unimore.it\/wp-content\/uploads\/2018\/09\/PRIMO-VERBALE-23-9-68.pdf\">verbale della prima riunione del Comitato Tecnico Istitutivo della Facolt\u00e0 di Economia e Commercio<\/a>, tenutasi il 23 ottobre 1968<\/h4>\n<h4>L&#8217;<a href=\"http:\/\/ark-tv.unimore.it\/index.php\/archivio\/ateneo-e-istituzioni\/206-inaugurazione-della-sede-foro-boario\" target=\"_blank\" rel=\"noopener\">Inaugurazione della sede del Foro Boario<\/a>, nel 1994<\/h4>\n<h4>La <a href=\"https:\/\/www.youtube.com\/watch?v=iFiRkxZfQ-Q&amp;list=PLh0s0u9-VwurtKFVyri2_csp87Gi67Zxb\" target=\"_blank\" rel=\"noopener\">presentazione del volume <em>Il Grande Porticato di Piazza d&#8217;Armi<\/em><\/a>, a cura di Franca Stagi e Patrizia Curti, tenutasi il 6 marzo 2009<\/h4>\n<h4><a href=\"http:\/\/www.dembarchives.unimore.it\/wp-content\/uploads\/2019\/01\/Matteo-Di-Legge_Ex-Foro-Boario.-Un-progetto-un-percorso-una-sede.pdf\" target=\"_blank\" rel=\"noopener\">Il testo dello storico Matteo Di Legge su Franca Stagi e il Foro Boario: <em>Ex Foro Boario. Un progetto, un percorso, una sede.<\/em><\/a><\/h4>\n<hr \/>\n<h4><\/h4>\n","protected":false},"excerpt":{"rendered":"<p>Sono trascorsi 50 anni dalla nascita della Facolt\u00e0 di Economia, inizialmente collocata nella sede di viale Berengario.\u00a0 Il Comitato Tecnico &hellip; <\/p>\n","protected":false},"author":1,"featured_media":0,"parent":0,"menu_order":0,"comment_status":"closed","ping_status":"closed","template":"","meta":{"footnotes":""},"class_list":["post-1351","page","type-page","status-publish","hentry"],"_links":{"self":[{"href":"https:\/\/www.dembarchives.unimore.it\/index.php\/wp-json\/wp\/v2\/pages\/1351","targetHints":{"allow":["GET"]}}],"collection":[{"href":"https:\/\/www.dembarchives.unimore.it\/index.php\/wp-json\/wp\/v2\/pages"}],"about":[{"href":"https:\/\/www.dembarchives.unimore.it\/index.php\/wp-json\/wp\/v2\/types\/page"}],"author":[{"embeddable":true,"href":"https:\/\/www.dembarchives.unimore.it\/index.php\/wp-json\/wp\/v2\/users\/1"}],"replies":[{"embeddable":true,"href":"https:\/\/www.dembarchives.unimore.it\/index.php\/wp-json\/wp\/v2\/comments?post=1351"}],"version-history":[{"count":8,"href":"https:\/\/www.dembarchives.unimore.it\/index.php\/wp-json\/wp\/v2\/pages\/1351\/revisions"}],"predecessor-version":[{"id":14978,"href":"https:\/\/www.dembarchives.unimore.it\/index.php\/wp-json\/wp\/v2\/pages\/1351\/revisions\/14978"}],"wp:attachment":[{"href":"https:\/\/www.dembarchives.unimore.it\/index.php\/wp-json\/wp\/v2\/media?parent=1351"}],"curies":[{"name":"wp","href":"https:\/\/api.w.org\/{rel}","templated":true}]}}

<p>Sono trascorsi <b>50 anni</b> dalla nascita della <b>Facoltà di Economia</b>, inizialmente collocata nella sede di viale Berengario.<span class="Apple-converted-space"> </span></p>
<p>Il Comitato Tecnico che la istituì si era infatti riunito la prima volta il <b>23 settembre 1968</b> ed era composto da personalità di grande prestigio del mondo accademico: economisti, giuristi, esperti di governo d&#8217;impresa, statistici. <span class="Apple-converted-space"> </span></p>
<p>Dalla sua istituzione fino al 1993, la Facoltà si identifica con il suo <b>unico Corso di laurea in Economia e Commercio</b>, articolato in diversi indirizzi di durata quadriennale.</p>
<p>Nel 1974 la Facoltà si trasferisce al Direzionale 70, in via Giardini.<span class="Apple-converted-space"> </span></p>
<p>Dopo vent’anni, <b>nel 1994, la Facoltà trova sede definitiva nello storico edificio del Foro Boario</b>, restaurato dall’architetta Franca Stagi. Con la nuova denominazione di Facoltà di Economia vengono <b>attivati altri due corsi di Laurea quadriennale</b> &#8211; <b>Economia Aziendale ed Economia Politica </b>&#8211; e <b>due diplomi universitari di durata triennale </b>&#8211; <b>Economia e Amministrazione delle Imprese e Commercio Estero</b> &#8211; rispondendo alle esigenze formative del territorio.</p>
<p>Da allora, l’offerta formativa si è ulteriormente ampliata con l’attivazione di <b>tre Corsi di Laurea Triennali</b>, <b>cinque Corsi di Laurea Magistrale</b>, <b>Master</b>, <b>Corsi di Perfezionamento</b> e un <b>Dottorato di ricerca</b>.</p>
<p><b>L’8 ottobre 2003</b>, il Consiglio di Facoltà e il Senato Accademico dell’Ateneo deliberano l<b>’intitolazione della Facoltà a Marco Biagi</b>,<b> </b>in memoria del suo docente vittima del terrorismo. Su iniziativa della famiglia, dell’Università e della Facoltà viene istituita la Fondazione Marco Biagi con l’obiettivo di proseguire e consolidare l’attività di studi e ricerche sui temi del lavoro.</p>
<p>Nel <b>2012</b>, il processo di riorganizzazione dell&#8217;Ateneo porta all&#8217;integrazione della gestione dell&#8217;attività didattica della Facoltà con quella di ricerca dei Dipartimenti (Dipartimento di Economia aziendale e Dipartimento di Economia politica): nasce così il<b> Dipartimento di Economia Marco Biagi</b>.</p>
<p>Dalla sua istituzione, l’attività del Dipartimento si caratterizza per la varietà delle aree di ricerca e l’impegno dei ricercatori nel tradurre i risultati degli studi in indicazioni e strumenti per le politiche in ambito economico-gestionale.</p>
<p>A questa attività di ricerca si accompagna la qualità e intensità dei <b>rapporti che il Dipartimento ha saputo costruire con le istituzioni, le associazioni e con la cittadinanza</b>. Si tratta di esperienze di carattere formativo, culturale e di supporto alle decisioni economiche che hanno contribuito ad innalzare le conoscenze e le competenze professionali e gestionali del nostro territorio.ù</p>
<p style="text-align: center;">MATERIALI CONSULTABILI</p>
<hr />
<h4>Il <a href="http://www.dembarchives.unimore.it/wp-content/uploads/2018/09/PRIMO-VERBALE-23-9-68.pdf">verbale della prima riunione del Comitato Tecnico Istitutivo della Facoltà di Economia e Commercio</a>, tenutasi il 23 ottobre 1968</h4>
<h4>L&#8217;<a href="http://ark-tv.unimore.it/index.php/archivio/ateneo-e-istituzioni/206-inaugurazione-della-sede-foro-boario" target="_blank" rel="noopener">Inaugurazione della sede del Foro Boario</a>, nel 1994</h4>
<h4>La <a href="https://www.youtube.com/watch?v=iFiRkxZfQ-Q&amp;list=PLh0s0u9-VwurtKFVyri2_csp87Gi67Zxb" target="_blank" rel="noopener">presentazione del volume <em>Il Grande Porticato di Piazza d&#8217;Armi</em></a>, a cura di Franca Stagi e Patrizia Curti, tenutasi il 6 marzo 2009</h4>
<h4><a href="http://www.dembarchives.unimore.it/wp-content/uploads/2019/01/Matteo-Di-Legge_Ex-Foro-Boario.-Un-progetto-un-percorso-una-sede.pdf" target="_blank" rel="noopener">Il testo dello storico Matteo Di Legge su Franca Stagi e il Foro Boario: <em>Ex Foro Boario. Un progetto, un percorso, una sede.</em></a></h4>
<hr />
<h4></h4>

<p>Sono trascorsi 50 anni dalla nascita della Facoltà di Economia, inizialmente collocata nella sede di viale Berengario.  Il Comitato Tecnico &hellip; </p>
